{"id":197,"date":"2022-11-23T20:19:24","date_gmt":"2022-11-23T19:19:24","guid":{"rendered":"https:\/\/www.frauenchor-dacapo.de\/neu\/?page_id=197"},"modified":"2025-12-04T08:49:54","modified_gmt":"2025-12-04T07:49:54","slug":"dacapo","status":"publish","type":"page","link":"https:\/\/www.frauenchor-dacapo.de\/neu\/dacapo\/","title":{"rendered":"DaCapo"},"content":{"rendered":"\t\t<div data-elementor-type=\"wp-page\" data-elementor-id=\"197\" class=\"elementor elementor-197\" data-elementor-post-type=\"page\">\n\t\t\t\t\t\t<section class=\"elementor-section elementor-top-section elementor-element elementor-element-7698a7d elementor-section-boxed elementor-section-height-default elementor-section-height-default\" data-id=\"7698a7d\" data-element_type=\"section\" data-e-type=\"section\" data-settings=\"{&quot;background_background&quot;:&quot;classic&quot;}\">\n\t\t\t\t\t\t\t<div class=\"elementor-background-overlay\"><\/div>\n\t\t\t\t\t\t\t<div class=\"elementor-container elementor-column-gap-no\">\n\t\t\t\t\t<div class=\"aux-parallax-section elementor-column elementor-col-100 elementor-top-column elementor-element elementor-element-00559d3\" data-id=\"00559d3\" data-element_type=\"column\" data-e-type=\"column\">\n\t\t\t<div class=\"elementor-widget-wrap elementor-element-populated\">\n\t\t\t\t\t\t<div class=\"aux-scroll-anim elementor-element elementor-element-64c73e2 elementor-widget__width-auto aux-appear-watch-animation aux-fade-in-up-2 elementor-widget elementor-widget-heading\" data-move-in=\"\" data-move-out=\"moveHorizontal\" data-axis-x=\"-30\" data-axis-y=\"200\" data-rotate=\"90\" data-scale=\"1\" data-vp-top=\"0.5\" data-vp-bot=\"0.5\" data-el-top=\"0.2\" data-scroll-animation-off=\"1024\" data-id=\"64c73e2\" data-element_type=\"widget\" data-e-type=\"widget\" data-widget_type=\"heading.default\">\n\t\t\t\t<div class=\"elementor-widget-container\">\n\t\t\t\t\t<h1 class=\"elementor-heading-title elementor-size-small\">DaCapo<\/h1>\t\t\t\t<\/div>\n\t\t\t\t<\/div>\n\t\t\t\t<section class=\"elementor-section elementor-inner-section elementor-element elementor-element-be5755b elementor-section-height-min-height elementor-section-full_width elementor-section-height-default\" data-id=\"be5755b\" data-element_type=\"section\" data-e-type=\"section\" data-settings=\"{&quot;background_background&quot;:&quot;slideshow&quot;,&quot;background_slideshow_gallery&quot;:[{&quot;id&quot;:3297,&quot;url&quot;:&quot;https:\\\/\\\/www.frauenchor-dacapo.de\\\/neu\\\/wp-content\\\/uploads\\\/2023\\\/04\\\/64-Chor13-scaled-e1681040553405.jpg&quot;},{&quot;id&quot;:3601,&quot;url&quot;:&quot;https:\\\/\\\/www.frauenchor-dacapo.de\\\/neu\\\/wp-content\\\/uploads\\\/2023\\\/05\\\/12-e1685222414113.jpg&quot;},{&quot;id&quot;:3599,&quot;url&quot;:&quot;https:\\\/\\\/www.frauenchor-dacapo.de\\\/neu\\\/wp-content\\\/uploads\\\/2023\\\/05\\\/32-e1685222465565.jpg&quot;},{&quot;id&quot;:1417,&quot;url&quot;:&quot;https:\\\/\\\/www.frauenchor-dacapo.de\\\/neu\\\/wp-content\\\/uploads\\\/2022\\\/09\\\/044-scaled-e1670324239160.jpg&quot;}],&quot;background_slideshow_slide_duration&quot;:5000,&quot;background_slideshow_slide_transition&quot;:&quot;fade&quot;,&quot;background_slideshow_transition_duration&quot;:500}\">\n\t\t\t\t\t\t<div class=\"elementor-container elementor-column-gap-no\">\n\t\t\t\t\t<div class=\"aux-parallax-section elementor-column elementor-col-100 elementor-inner-column elementor-element elementor-element-90b46a9\" data-id=\"90b46a9\" data-element_type=\"column\" data-e-type=\"column\">\n\t\t\t<div class=\"elementor-widget-wrap\">\n\t\t\t\t\t\t\t<\/div>\n\t\t<\/div>\n\t\t\t\t\t<\/div>\n\t\t<\/section>\n\t\t\t\t\t<\/div>\n\t\t<\/div>\n\t\t\t\t\t<\/div>\n\t\t<\/section>\n\t\t\t\t<section class=\"elementor-section elementor-inner-section elementor-element elementor-element-12d5ec09 elementor-section-full_width elementor-section-content-top elementor-section-height-default elementor-section-height-default\" data-id=\"12d5ec09\" data-element_type=\"section\" data-e-type=\"section\" data-settings=\"{&quot;background_background&quot;:&quot;gradient&quot;}\">\n\t\t\t\t\t\t<div class=\"elementor-container elementor-column-gap-no\">\n\t\t\t\t\t<div class=\"aux-parallax-section elementor-column elementor-col-50 elementor-inner-column elementor-element elementor-element-f593f6b\" data-id=\"f593f6b\" data-element_type=\"column\" data-e-type=\"column\" data-settings=\"{&quot;background_background&quot;:&quot;classic&quot;}\">\n\t\t\t<div class=\"elementor-widget-wrap elementor-element-populated\">\n\t\t\t\t\t\t<div class=\"elementor-element elementor-element-78409b66 aux-appear-watch-animation aux-scale-down elementor-widget-tablet__width-inherit elementor-widget elementor-widget-aux_modern_heading\" data-id=\"78409b66\" data-element_type=\"widget\" data-e-type=\"widget\" data-widget_type=\"aux_modern_heading.default\">\n\t\t\t\t<div class=\"elementor-widget-container\">\n\t\t\t\t\t<section class=\"aux-widget-modern-heading\">\n            <div class=\"aux-widget-inner\"><h2 class=\"aux-modern-heading-primary\">... keine \"bierernsten\" Proben!<\/h2><\/div>\n        <\/section>\t\t\t\t<\/div>\n\t\t\t\t<\/div>\n\t\t\t\t\t<\/div>\n\t\t<\/div>\n\t\t\t\t<div class=\"aux-parallax-section elementor-column elementor-col-50 elementor-inner-column elementor-element elementor-element-42a4a4fc elementor-hidden-mobile\" data-id=\"42a4a4fc\" data-element_type=\"column\" data-e-type=\"column\" data-settings=\"{&quot;background_background&quot;:&quot;classic&quot;}\">\n\t\t\t<div class=\"elementor-widget-wrap elementor-element-populated\">\n\t\t\t\t\t\t<div class=\"elementor-element elementor-element-29a342a8 elementor-widget elementor-widget-image\" data-id=\"29a342a8\" data-element_type=\"widget\" data-e-type=\"widget\" data-widget_type=\"image.default\">\n\t\t\t\t<div class=\"elementor-widget-container\">\n\t\t\t\t\t\t\t\t\t\t\t\t\t\t\t<img fetchpriority=\"high\" decoding=\"async\" width=\"1000\" height=\"372\" src=\"https:\/\/www.frauenchor-dacapo.de\/neu\/wp-content\/uploads\/2022\/12\/Bild1-e1670617542225.png\" class=\"attachment-full size-full wp-image-2520\" alt=\"\" \/>\t\t\t\t\t\t\t\t\t\t\t\t\t\t\t<\/div>\n\t\t\t\t<\/div>\n\t\t\t\t\t<\/div>\n\t\t<\/div>\n\t\t\t\t\t<\/div>\n\t\t<\/section>\n\t\t\t\t<section class=\"elementor-section elementor-top-section elementor-element elementor-element-d0c684a elementor-section-full_width elementor-section-height-default elementor-section-height-default\" data-id=\"d0c684a\" data-element_type=\"section\" data-e-type=\"section\">\n\t\t\t\t\t\t<div class=\"elementor-container elementor-column-gap-default\">\n\t\t\t\t\t<div class=\"aux-parallax-section elementor-column elementor-col-100 elementor-top-column elementor-element elementor-element-6b00f6e\" data-id=\"6b00f6e\" data-element_type=\"column\" data-e-type=\"column\" data-settings=\"{&quot;background_background&quot;:&quot;classic&quot;}\">\n\t\t\t<div class=\"elementor-widget-wrap elementor-element-populated\">\n\t\t\t\t\t\t<div class=\"elementor-element elementor-element-e26d159 elementor-widget-tablet__width-initial elementor-widget__width-initial elementor-widget-mobile__width-initial elementor-widget elementor-widget-aux_accordion\" data-id=\"e26d159\" data-element_type=\"widget\" data-e-type=\"widget\" data-widget_type=\"aux_accordion.default\">\n\t\t\t\t<div class=\"elementor-widget-container\">\n\t\t\t\t\t<section class=\"widget-container aux-widget-accordion widget-toggle aux-parent-au163caeae\" style=\"\" ><div class=\"widget-inner  aux-type-accordion\" data-toggle=\"false\"><section class=\"aux-toggle-item\"><h1 id=\"aux-toggle-header-2371\" class=\"aux-toggle-header toggle-header\" tabindex=\"2371\" role=\"tab\" aria-controls=\"aux-toggle-content-2371\" >So beginnen die Proben bei DaCapo ... klicken Sie bitte rechts auf den Pfeil!<\/h1><div id=\"aux-toggle-content-2371\" class=\"aux-toggle-content toggle-content\" tabindex=\"2371\" role=\"tabpanel\" aria-labelledby=\"aux-toggle-header-2371\" ><p><strong>J<\/strong>ede Probe beginnt mit Lockerungs\u00fcbungen f\u00fcr K\u00f6rper und Stimme. Nach Arm- und Schulterkreisen sind fr\u00f6hliche Einsing\u00fcbungen f\u00fcr die Stimme dran.<\/p><p>Nat\u00fcrlich m\u00fcssen wir uns neue St\u00fccke wirklich erarbeiten, aber trotzdem gibt es immer was zu lachen. Je nach anstehenden Terminen werden entweder Lieder wieder \u201eaufpoliert\u201c, die wir schon l\u00e4nger nicht mehr gesungen haben, oder neue Lieder St\u00fcck f\u00fcr St\u00fcck einstudiert.<\/p><p>Was wir m\u00fchsam erlernen, wollen wir nat\u00fcrlich auch zeigen. Deshalb sind Konzerte und Auftritte auch immer ein Highlight f\u00fcr uns. Alle helfen bei Organisation und Durchf\u00fchrung mit, sodass am Ende ein \u201erundes\u201c Ereignis daraus wird.\u00a0<\/p><p>Dank der Motivation durch unseren Chorleiter \u201eknackten\u201c wir bisher noch jedes Lied.\u00a0Die Atmosph\u00e4re bei den Proben ist stets entspannt, sodass jede S\u00e4ngerin sich trauen kann drauflos zu singen, ohne Angst ausgelacht zu werden. Jedes Geburtstagskind bekommt nat\u00fcrlich ein selbst gew\u00e4hltes St\u00e4ndchen und am Geburtstag liegt eine Gl\u00fcckwunschkarte im Briefkasten.<\/p><p>Das Gef\u00fchl, wenn ein besonders schweres Lied beim Konzert richtig gut klingt, muss man einfach mal erlebt haben.<\/p><p>Catrin Beckhoff (Schriftf\u00fchrerin)<\/p><\/div><\/section><\/div><\/section><!-- widget-container -->\t\t\t\t<\/div>\n\t\t\t\t<\/div>\n\t\t\t\t<div class=\"elementor-element elementor-element-6d80006 elementor-widget-tablet__width-initial elementor-widget-mobile__width-initial elementor-widget elementor-widget-gallery\" data-id=\"6d80006\" data-element_type=\"widget\" data-e-type=\"widget\" data-settings=\"{&quot;gap_tablet&quot;:{&quot;unit&quot;:&quot;px&quot;,&quot;size&quot;:7,&quot;sizes&quot;:[]},&quot;aspect_ratio&quot;:&quot;16:9&quot;,&quot;columns&quot;:2,&quot;background_overlay_hover_animation&quot;:&quot;exit-zoom-in&quot;,&quot;lazyload&quot;:&quot;yes&quot;,&quot;gallery_layout&quot;:&quot;grid&quot;,&quot;columns_tablet&quot;:2,&quot;columns_mobile&quot;:1,&quot;gap&quot;:{&quot;unit&quot;:&quot;px&quot;,&quot;size&quot;:10,&quot;sizes&quot;:[]},&quot;gap_mobile&quot;:{&quot;unit&quot;:&quot;px&quot;,&quot;size&quot;:10,&quot;sizes&quot;:[]},&quot;overlay_background&quot;:&quot;yes&quot;,&quot;content_hover_animation&quot;:&quot;fade-in&quot;}\" data-widget_type=\"gallery.default\">\n\t\t\t\t<div class=\"elementor-widget-container\">\n\t\t\t\t\t\t\t<div class=\"elementor-gallery__container\">\n\t\t\t\t\t\t\t<div class=\"e-gallery-item elementor-gallery-item elementor-animated-content\">\n\t\t\t\t\t<div class=\"e-gallery-image elementor-gallery-item__image\" data-thumbnail=\"https:\/\/www.frauenchor-dacapo.de\/neu\/wp-content\/uploads\/2023\/04\/18.jpg\" data-width=\"1024\" data-height=\"682\" aria-label=\"\" role=\"img\" ><\/div>\n\t\t\t\t\t\t\t\t\t\t\t<div class=\"elementor-gallery-item__overlay\"><\/div>\n\t\t\t\t\t\t\t\t\t\t\t\t\t\t<\/div>\n\t\t\t\t\t\t\t<div class=\"e-gallery-item elementor-gallery-item elementor-animated-content\">\n\t\t\t\t\t<div class=\"e-gallery-image elementor-gallery-item__image\" data-thumbnail=\"https:\/\/www.frauenchor-dacapo.de\/neu\/wp-content\/uploads\/2023\/04\/15-1.jpg\" data-width=\"1024\" data-height=\"682\" aria-label=\"\" role=\"img\" ><\/div>\n\t\t\t\t\t\t\t\t\t\t\t<div class=\"elementor-gallery-item__overlay\"><\/div>\n\t\t\t\t\t\t\t\t\t\t\t\t\t\t<\/div>\n\t\t\t\t\t\t\t<div class=\"e-gallery-item elementor-gallery-item elementor-animated-content\">\n\t\t\t\t\t<div class=\"e-gallery-image elementor-gallery-item__image\" data-thumbnail=\"https:\/\/www.frauenchor-dacapo.de\/neu\/wp-content\/uploads\/2023\/04\/19-1.jpg\" data-width=\"1024\" data-height=\"682\" aria-label=\"\" role=\"img\" ><\/div>\n\t\t\t\t\t\t\t\t\t\t\t<div class=\"elementor-gallery-item__overlay\"><\/div>\n\t\t\t\t\t\t\t\t\t\t\t\t\t\t<\/div>\n\t\t\t\t\t\t\t<div class=\"e-gallery-item elementor-gallery-item elementor-animated-content\">\n\t\t\t\t\t<div class=\"e-gallery-image elementor-gallery-item__image\" data-thumbnail=\"https:\/\/www.frauenchor-dacapo.de\/neu\/wp-content\/uploads\/2023\/04\/23.jpg\" data-width=\"1024\" data-height=\"682\" aria-label=\"\" role=\"img\" ><\/div>\n\t\t\t\t\t\t\t\t\t\t\t<div class=\"elementor-gallery-item__overlay\"><\/div>\n\t\t\t\t\t\t\t\t\t\t\t\t\t\t<\/div>\n\t\t\t\t\t\t\t<div class=\"e-gallery-item elementor-gallery-item elementor-animated-content\">\n\t\t\t\t\t<div class=\"e-gallery-image elementor-gallery-item__image\" data-thumbnail=\"https:\/\/www.frauenchor-dacapo.de\/neu\/wp-content\/uploads\/2023\/04\/17.jpg\" data-width=\"1024\" data-height=\"682\" aria-label=\"\" role=\"img\" ><\/div>\n\t\t\t\t\t\t\t\t\t\t\t<div class=\"elementor-gallery-item__overlay\"><\/div>\n\t\t\t\t\t\t\t\t\t\t\t\t\t\t<\/div>\n\t\t\t\t\t\t\t<div class=\"e-gallery-item elementor-gallery-item elementor-animated-content\">\n\t\t\t\t\t<div class=\"e-gallery-image elementor-gallery-item__image\" data-thumbnail=\"https:\/\/www.frauenchor-dacapo.de\/neu\/wp-content\/uploads\/2023\/04\/26-1.jpg\" data-width=\"1024\" data-height=\"682\" aria-label=\"\" role=\"img\" ><\/div>\n\t\t\t\t\t\t\t\t\t\t\t<div class=\"elementor-gallery-item__overlay\"><\/div>\n\t\t\t\t\t\t\t\t\t\t\t\t\t\t<\/div>\n\t\t\t\t\t<\/div>\n\t\t\t\t\t<\/div>\n\t\t\t\t<\/div>\n\t\t\t\t\t<\/div>\n\t\t<\/div>\n\t\t\t\t\t<\/div>\n\t\t<\/section>\n\t\t\t\t<\/div>\n\t\t","protected":false},"excerpt":{"rendered":"<p>DaCapo &#8230; keine &#8222;bierernsten&#8220; Proben! So beginnen die Proben bei DaCapo &#8230; klicken Sie bitte rechts auf den Pfeil! Jede Probe beginnt mit Lockerungs\u00fcbungen f\u00fcr K\u00f6rper und Stimme. Nach Arm- und Schulterkreisen sind fr\u00f6hliche Einsing\u00fcbungen f\u00fcr die Stimme dran. Nat\u00fcrlich m\u00fcssen wir uns neue St\u00fccke wirklich erarbeiten, aber trotzdem gibt es immer was zu lachen. [&hellip;]<\/p>\n","protected":false},"author":1,"featured_media":3339,"parent":0,"menu_order":0,"comment_status":"closed","ping_status":"closed","template":"elementor_header_footer","meta":{"footnotes":""},"class_list":["post-197","page","type-page","status-publish","has-post-thumbnail","hentry"],"yoast_head":"<!-- This site is optimized with the Yoast SEO plugin v27.4 - https:\/\/yoast.com\/product\/yoast-seo-wordpress\/ -->\n<title>DaCapo - Frauenchor DaCapo e.V.<\/title>\n<meta name=\"description\" content=\"So beginnen die Proben bei DaCapo.\" \/>\n<meta name=\"robots\" content=\"index, follow, max-snippet:-1, max-image-preview:large, max-video-preview:-1\" \/>\n<link rel=\"canonical\" href=\"https:\/\/www.frauenchor-dacapo.de\/neu\/dacapo\/\" \/>\n<meta property=\"og:locale\" content=\"de_DE\" \/>\n<meta property=\"og:type\" content=\"article\" \/>\n<meta property=\"og:title\" content=\"DaCapo - Frauenchor DaCapo e.V.\" \/>\n<meta property=\"og:description\" content=\"So beginnen die Proben bei DaCapo.\" \/>\n<meta property=\"og:url\" content=\"https:\/\/www.frauenchor-dacapo.de\/neu\/dacapo\/\" \/>\n<meta property=\"og:site_name\" content=\"Frauenchor DaCapo e.V.\" \/>\n<meta property=\"article:modified_time\" content=\"2025-12-04T07:49:54+00:00\" \/>\n<meta property=\"og:image\" content=\"https:\/\/www.frauenchor-dacapo.de\/neu\/wp-content\/uploads\/2023\/04\/21-1.jpg\" \/>\n\t<meta property=\"og:image:width\" content=\"1024\" \/>\n\t<meta property=\"og:image:height\" content=\"682\" \/>\n\t<meta property=\"og:image:type\" content=\"image\/jpeg\" \/>\n<meta name=\"twitter:card\" content=\"summary_large_image\" \/>\n<meta name=\"twitter:label1\" content=\"Gesch\u00e4tzte Lesezeit\" \/>\n\t<meta name=\"twitter:data1\" content=\"2\u00a0Minuten\" \/>\n<script type=\"application\/ld+json\" class=\"yoast-schema-graph\">{\"@context\":\"https:\\\/\\\/schema.org\",\"@graph\":[{\"@type\":\"WebPage\",\"@id\":\"https:\\\/\\\/www.frauenchor-dacapo.de\\\/neu\\\/dacapo\\\/\",\"url\":\"https:\\\/\\\/www.frauenchor-dacapo.de\\\/neu\\\/dacapo\\\/\",\"name\":\"DaCapo - Frauenchor DaCapo e.V.\",\"isPartOf\":{\"@id\":\"https:\\\/\\\/www.frauenchor-dacapo.de\\\/neu\\\/#website\"},\"primaryImageOfPage\":{\"@id\":\"https:\\\/\\\/www.frauenchor-dacapo.de\\\/neu\\\/dacapo\\\/#primaryimage\"},\"image\":{\"@id\":\"https:\\\/\\\/www.frauenchor-dacapo.de\\\/neu\\\/dacapo\\\/#primaryimage\"},\"thumbnailUrl\":\"https:\\\/\\\/www.frauenchor-dacapo.de\\\/neu\\\/wp-content\\\/uploads\\\/2023\\\/04\\\/21-1.jpg\",\"datePublished\":\"2022-11-23T19:19:24+00:00\",\"dateModified\":\"2025-12-04T07:49:54+00:00\",\"description\":\"So beginnen die Proben bei DaCapo.\",\"breadcrumb\":{\"@id\":\"https:\\\/\\\/www.frauenchor-dacapo.de\\\/neu\\\/dacapo\\\/#breadcrumb\"},\"inLanguage\":\"de\",\"potentialAction\":[{\"@type\":\"ReadAction\",\"target\":[\"https:\\\/\\\/www.frauenchor-dacapo.de\\\/neu\\\/dacapo\\\/\"]}]},{\"@type\":\"ImageObject\",\"inLanguage\":\"de\",\"@id\":\"https:\\\/\\\/www.frauenchor-dacapo.de\\\/neu\\\/dacapo\\\/#primaryimage\",\"url\":\"https:\\\/\\\/www.frauenchor-dacapo.de\\\/neu\\\/wp-content\\\/uploads\\\/2023\\\/04\\\/21-1.jpg\",\"contentUrl\":\"https:\\\/\\\/www.frauenchor-dacapo.de\\\/neu\\\/wp-content\\\/uploads\\\/2023\\\/04\\\/21-1.jpg\",\"width\":1024,\"height\":682},{\"@type\":\"BreadcrumbList\",\"@id\":\"https:\\\/\\\/www.frauenchor-dacapo.de\\\/neu\\\/dacapo\\\/#breadcrumb\",\"itemListElement\":[{\"@type\":\"ListItem\",\"position\":1,\"name\":\"Startseite\",\"item\":\"https:\\\/\\\/www.frauenchor-dacapo.de\\\/neu\\\/\"},{\"@type\":\"ListItem\",\"position\":2,\"name\":\"DaCapo\"}]},{\"@type\":\"WebSite\",\"@id\":\"https:\\\/\\\/www.frauenchor-dacapo.de\\\/neu\\\/#website\",\"url\":\"https:\\\/\\\/www.frauenchor-dacapo.de\\\/neu\\\/\",\"name\":\"Frauenchor DaCapo e.V.\",\"description\":\"Frauenchor DaCapo e.V.\",\"publisher\":{\"@id\":\"https:\\\/\\\/www.frauenchor-dacapo.de\\\/neu\\\/#organization\"},\"potentialAction\":[{\"@type\":\"SearchAction\",\"target\":{\"@type\":\"EntryPoint\",\"urlTemplate\":\"https:\\\/\\\/www.frauenchor-dacapo.de\\\/neu\\\/?s={search_term_string}\"},\"query-input\":{\"@type\":\"PropertyValueSpecification\",\"valueRequired\":true,\"valueName\":\"search_term_string\"}}],\"inLanguage\":\"de\"},{\"@type\":\"Organization\",\"@id\":\"https:\\\/\\\/www.frauenchor-dacapo.de\\\/neu\\\/#organization\",\"name\":\"Frauenchor DaCapo e.V.\",\"url\":\"https:\\\/\\\/www.frauenchor-dacapo.de\\\/neu\\\/\",\"logo\":{\"@type\":\"ImageObject\",\"inLanguage\":\"de\",\"@id\":\"https:\\\/\\\/www.frauenchor-dacapo.de\\\/neu\\\/#\\\/schema\\\/logo\\\/image\\\/\",\"url\":\"https:\\\/\\\/www.frauenchor-dacapo.de\\\/neu\\\/wp-content\\\/uploads\\\/2020\\\/07\\\/Logo-1.png\",\"contentUrl\":\"https:\\\/\\\/www.frauenchor-dacapo.de\\\/neu\\\/wp-content\\\/uploads\\\/2020\\\/07\\\/Logo-1.png\",\"width\":350,\"height\":100,\"caption\":\"Frauenchor DaCapo e.V.\"},\"image\":{\"@id\":\"https:\\\/\\\/www.frauenchor-dacapo.de\\\/neu\\\/#\\\/schema\\\/logo\\\/image\\\/\"}}]}<\/script>\n<!-- \/ Yoast SEO plugin. -->","yoast_head_json":{"title":"DaCapo - Frauenchor DaCapo e.V.","description":"So beginnen die Proben bei DaCapo.","robots":{"index":"index","follow":"follow","max-snippet":"max-snippet:-1","max-image-preview":"max-image-preview:large","max-video-preview":"max-video-preview:-1"},"canonical":"https:\/\/www.frauenchor-dacapo.de\/neu\/dacapo\/","og_locale":"de_DE","og_type":"article","og_title":"DaCapo - Frauenchor DaCapo e.V.","og_description":"So beginnen die Proben bei DaCapo.","og_url":"https:\/\/www.frauenchor-dacapo.de\/neu\/dacapo\/","og_site_name":"Frauenchor DaCapo e.V.","article_modified_time":"2025-12-04T07:49:54+00:00","og_image":[{"width":1024,"height":682,"url":"https:\/\/www.frauenchor-dacapo.de\/neu\/wp-content\/uploads\/2023\/04\/21-1.jpg","type":"image\/jpeg"}],"twitter_card":"summary_large_image","twitter_misc":{"Gesch\u00e4tzte Lesezeit":"2\u00a0Minuten"},"schema":{"@context":"https:\/\/schema.org","@graph":[{"@type":"WebPage","@id":"https:\/\/www.frauenchor-dacapo.de\/neu\/dacapo\/","url":"https:\/\/www.frauenchor-dacapo.de\/neu\/dacapo\/","name":"DaCapo - Frauenchor DaCapo e.V.","isPartOf":{"@id":"https:\/\/www.frauenchor-dacapo.de\/neu\/#website"},"primaryImageOfPage":{"@id":"https:\/\/www.frauenchor-dacapo.de\/neu\/dacapo\/#primaryimage"},"image":{"@id":"https:\/\/www.frauenchor-dacapo.de\/neu\/dacapo\/#primaryimage"},"thumbnailUrl":"https:\/\/www.frauenchor-dacapo.de\/neu\/wp-content\/uploads\/2023\/04\/21-1.jpg","datePublished":"2022-11-23T19:19:24+00:00","dateModified":"2025-12-04T07:49:54+00:00","description":"So beginnen die Proben bei DaCapo.","breadcrumb":{"@id":"https:\/\/www.frauenchor-dacapo.de\/neu\/dacapo\/#breadcrumb"},"inLanguage":"de","potentialAction":[{"@type":"ReadAction","target":["https:\/\/www.frauenchor-dacapo.de\/neu\/dacapo\/"]}]},{"@type":"ImageObject","inLanguage":"de","@id":"https:\/\/www.frauenchor-dacapo.de\/neu\/dacapo\/#primaryimage","url":"https:\/\/www.frauenchor-dacapo.de\/neu\/wp-content\/uploads\/2023\/04\/21-1.jpg","contentUrl":"https:\/\/www.frauenchor-dacapo.de\/neu\/wp-content\/uploads\/2023\/04\/21-1.jpg","width":1024,"height":682},{"@type":"BreadcrumbList","@id":"https:\/\/www.frauenchor-dacapo.de\/neu\/dacapo\/#breadcrumb","itemListElement":[{"@type":"ListItem","position":1,"name":"Startseite","item":"https:\/\/www.frauenchor-dacapo.de\/neu\/"},{"@type":"ListItem","position":2,"name":"DaCapo"}]},{"@type":"WebSite","@id":"https:\/\/www.frauenchor-dacapo.de\/neu\/#website","url":"https:\/\/www.frauenchor-dacapo.de\/neu\/","name":"Frauenchor DaCapo e.V.","description":"Frauenchor DaCapo e.V.","publisher":{"@id":"https:\/\/www.frauenchor-dacapo.de\/neu\/#organization"},"potentialAction":[{"@type":"SearchAction","target":{"@type":"EntryPoint","urlTemplate":"https:\/\/www.frauenchor-dacapo.de\/neu\/?s={search_term_string}"},"query-input":{"@type":"PropertyValueSpecification","valueRequired":true,"valueName":"search_term_string"}}],"inLanguage":"de"},{"@type":"Organization","@id":"https:\/\/www.frauenchor-dacapo.de\/neu\/#organization","name":"Frauenchor DaCapo e.V.","url":"https:\/\/www.frauenchor-dacapo.de\/neu\/","logo":{"@type":"ImageObject","inLanguage":"de","@id":"https:\/\/www.frauenchor-dacapo.de\/neu\/#\/schema\/logo\/image\/","url":"https:\/\/www.frauenchor-dacapo.de\/neu\/wp-content\/uploads\/2020\/07\/Logo-1.png","contentUrl":"https:\/\/www.frauenchor-dacapo.de\/neu\/wp-content\/uploads\/2020\/07\/Logo-1.png","width":350,"height":100,"caption":"Frauenchor DaCapo e.V."},"image":{"@id":"https:\/\/www.frauenchor-dacapo.de\/neu\/#\/schema\/logo\/image\/"}}]}},"_links":{"self":[{"href":"https:\/\/www.frauenchor-dacapo.de\/neu\/wp-json\/wp\/v2\/pages\/197","targetHints":{"allow":["GET"]}}],"collection":[{"href":"https:\/\/www.frauenchor-dacapo.de\/neu\/wp-json\/wp\/v2\/pages"}],"about":[{"href":"https:\/\/www.frauenchor-dacapo.de\/neu\/wp-json\/wp\/v2\/types\/page"}],"author":[{"embeddable":true,"href":"https:\/\/www.frauenchor-dacapo.de\/neu\/wp-json\/wp\/v2\/users\/1"}],"replies":[{"embeddable":true,"href":"https:\/\/www.frauenchor-dacapo.de\/neu\/wp-json\/wp\/v2\/comments?post=197"}],"version-history":[{"count":118,"href":"https:\/\/www.frauenchor-dacapo.de\/neu\/wp-json\/wp\/v2\/pages\/197\/revisions"}],"predecessor-version":[{"id":5170,"href":"https:\/\/www.frauenchor-dacapo.de\/neu\/wp-json\/wp\/v2\/pages\/197\/revisions\/5170"}],"wp:featuredmedia":[{"embeddable":true,"href":"https:\/\/www.frauenchor-dacapo.de\/neu\/wp-json\/wp\/v2\/media\/3339"}],"wp:attachment":[{"href":"https:\/\/www.frauenchor-dacapo.de\/neu\/wp-json\/wp\/v2\/media?parent=197"}],"curies":[{"name":"wp","href":"https:\/\/api.w.org\/{rel}","templated":true}]}}